9 divide 1287674119?
False
Does 92 divide 428868211?
False
Is 916 a factor of 105044132?
True
Is 59133480 a multiple of 714?
True
Is 1841609924 a multiple of 14?
True
Is 19778363 a multiple of 52?
False
Is 26974506 a multiple of 46?
False
Is 9 a factor of 712546?
False
Does 1101 divide 122442210?
True
Is 747 a factor of 924786?
True
Is 115 a factor of 4454490615?
True
Is 262345092 a multiple of 1838?
True
Does 3292 divide 280577381?
False
Is 40357234 a multiple of 302?
False
Is 2202829664 a multiple of 6608?
True
Does 19 divide 484097656?
True
Is 47754041 a multiple of 594?
False
Is 1239 a factor of 1610700?
True
Does 1940 divide 71580180?
True
Is 110 a factor of 23626093?
False
Is 20509680 even?
True
Is 108 a factor of 2982997026?
False
Is 6618537 a multiple of 160?
False
Is 205 a factor of 20494260?
True
Is 25 a factor of 133264900?
True
Is 1297 a factor of 1552568662?
True
Does 2270 divide 921856080?
True
Is 173967732 a multiple of 17?
True
Is 129678224 a multiple of 104?
True
Does 15 divide 3120855?
True
Is 330 a factor of 15271740?
True
Does 1941 divide 191270022?
True
Is 172 a factor of 794017061?
False
Is 74243427 a multiple of 4?
False
Is 3163842 a multiple of 18?
True
Does 974 divide 956161190?
True
Is 41089815 a multiple of 27?
True
Does 14 divide 10592087?
False
Is 1354236184 a multiple of 56?
True
Does 4537 divide 1514004284?
False
Is 1529 a factor of 109966870?
False
Is 224686623 a multiple of 81?
False
Is 45755400 a multiple of 8?
True
Is 118 a factor of 164568207?
False
Is 1259 a factor of 27700518?
True
Is 384422193 a multiple of 531?
False
Is 227363997 a multiple of 84?
False
Is 26425643 a multiple of 9?
False
Is 21400308 a multiple of 76?
True
Does 389 divide 16058309?
True
Is 15 a factor of 1729800?
True
Is 26819568 a multiple of 2?
True
Is 6043 a factor of 1996522598?
True
Does 31 divide 55921551?
True
Is 887011641 a multiple of 81?
True
Does 44 divide 1022020780?
True
Is 81 a factor of 112634064?
True
Is 2109 a factor of 34070895?
True
Does 6 divide 102482691?
False
Is 4506 a factor of 106873308?
True
Is 2494149840 a multiple of 2184?
True
Does 28 divide 134365672?
True
Is 13 a factor of 2433863557?
False
Is 17534655 a multiple of 9?
True
Is 341 a factor of 157088022?
False
Is 107 a factor of 3322628?
False
Does 39 divide 17351531?
False
Does 5 divide 75551235?
True
Does 15 divide 15154264?
False
Does 54 divide 6627258?
True
Is 36639708 a multiple of 413?
True
Is 4630003146 a multiple of 369?
True
Is 7692813 a multiple of 1301?
True
Does 1902 divide 2103039498?
True
Is 5 a factor of 27644483?
False
Is 19623961 a multiple of 279?
False
Is 5 a factor of 3213515?
True
Does 770 divide 2018157694?
False
Does 91 divide 81752853?
True
Is 447362364 a multiple of 62?
True
Is 590 a factor of 20477720?
True
Does 1603 divide 5252764902?
True
Is 98 a factor of 71501443?
False
Does 4349 divide 82748423?
True
Is 45 a factor of 708050700?
True
Is 116 a factor of 2532413516?
True
Is 6 a factor of 6407967?
False
Is 497 a factor of 419022126?
False
Is 646329028 a multiple of 68?
False
Is 59 a factor of 13405154?
True
Is 1287803408 a multiple of 2516?
False
Is 911 a factor of 261533551?
False
Does 808 divide 29305968?
False
Is 178441785 a multiple of 783?
True
Is 19094880 a multiple of 224?
True
Is 8744 a factor of 1840792734?
False
Is 362350246 a multiple of 82?
False
Does 68 divide 14302147?
False
Is 35837730 a multiple of 6?
True
Does 1155 divide 148968435?
True
Is 9335605 a multiple of 73?
True
Is 103049870 a multiple of 22?
True
Is 311 a factor of 65269859?
False
Is 7339 a factor of 719559594?
True
Does 18 divide 3484510360?
False
Does 61 divide 2105206764?
False
Does 6 divide 7192170?
True
Is 1602181 a multiple of 7?
True
Is 794450 a multiple of 50?
True
Is 88 a factor of 40884799?
False
Does 29 divide 347138207?
True
Is 1182734578 a multiple of 80?
False
Is 20 a factor of 224030955?
False
Does 12 divide 3182115072?
True
Does 15 divide 16511040?
True
Does 4862 divide 594984032?
False
Is 89 a factor of 1853037408?
False
Is 1528 a factor of 268294387?
False
Is 23275166 a multiple of 702?
False
Does 110 divide 32718351?
False
Is 53168281 a multiple of 252?
False
Is 844998208 a multiple of 131?
True
Is 28303002 a multiple of 259?
True
Does 14 divide 14407946?
True
Is 64617250 a multiple of 513?
False
Is 273 a factor of 233293730?
False
Is 4094 a factor of 29778392?
False
Is 246677169 a multiple of 90?
False
Is 11779404 a multiple of 182?
True
Is 5041 a factor of 91373166?
True
Does 12 divide 13851157?
False
Is 138 a factor of 521991?
False
Is 99 a factor of 457449533?
False
Does 48 divide 13238447?
False
Is 152462153 a multiple of 545?
False
Is 114 a factor of 2019077940?
True
Is 1398662862 a multiple of 34?
True
Does 44 divide 113471027?
False
Does 107 divide 11269240?
True
Does 248 divide 1716213?
False
Is 66 a factor of 42038213?
False
Is 5576 a factor of 207036880?
True
Is 101 a factor of 44531607?
True
Is 6 a factor of 36624126?
True
Is 11 a factor of 293142212?
True
Is 85 a factor of 29247549?
False
Does 79 divide 38027389?
False
Is 1788 a factor of 2154933360?
True
Is 72834450 a multiple of 82?
True
Is 276 a factor of 1820668500?
True
Is 2799921108 a multiple of 4618?
True
Is 186207863 a multiple of 2744?
False
Is 783 a factor of 360451236?
False
Is 143 a factor of 1154718136?
True
Is 816 a factor of 434794430?
False
Is 6319033 a multiple of 14?
False
Is 268818386 a multiple of 82?
True
Does 473 divide 209666973?
False
Does 823 divide 19710027?
True
Is 150 a factor of 98218390?
False
Is 105 a factor of 73602319?
False
Does 5179 divide 448086035?
False
Is 788 a factor of 144151887?
False
Is 237044500 a multiple of 1750?
True
Is 642685252 a multiple of 545?
False
Is 178 a factor of 156312658?
True
Does 545 divide 1549947845?
True
Is 122 a factor of 17108670?
True
Is 60473504 a multiple of 290?
False
Does 40 divide 2241720?
True
Is 4053428953 a multiple of 156?
False
Is 13 a factor of 238866836?
True
Does 2 divide 99556484?
True
Is 128 a factor of 330109952?
True
Does 569 divide 185388735?
True
Is 12103088 a multiple of 18?
False
Is 3680489615 a multiple of 11?
True
Does 1362 divide 175849182?
True
Is 481873 a multiple of 161?
True
Does 1724 divide 57398856?
True
Does 22 divide 5379573?
False
Is 27 a factor of 102885977?
False
Does 67 divide 44740590?
True
Is 269290419 a multiple of 101?
False
Is 7 a factor of 504181306?
False
Is 8 a factor of 51960272?
True
Is 8338687 a multiple of 119?
True
Is 4837396746 a multiple of 14?
True
Is 690264960 a multiple of 336?
True
Is 1958183708 a multiple of 2236?
True
Is 8 a factor of 105936329?
False
Does 15 divide 624504250?
False
Does 325 divide 73123312?
False
Does 487 divide 925300?
True
Is 326 a factor of 866994066?
True
Is 698 a factor of 20433950?
True
Is 126322835 a multiple of 17?
True
Does 3 divide 16894928?
False
Is 93854843 a multiple of 675?
False
Is 19 a factor of 279940243?
True
Does 885 divide 102655575?
True
Is 99 a factor of 7872270?
False
Is 18 a factor of 392315814?
True
Is 575823255 a multiple of 15?
True
Is 43702250 a multiple of 62?
True
Is 310 a factor of 36965640?
True
Does 62 divide 2079533568?
True
Is 15305338 a multiple of 114?
False
Does 45 divide 1047688380?
True
Is 96 a factor of 108115296?
True
Is 9818 a factor of 328480826?
True
Is 1412 a factor of 62303088?
True
Is 231541212 a multiple of 21?
True
Does 3402 divide 112693710?
False
Is 3890520 a multiple of 643?
False
Is 92399556 a multiple of 12?
True
Does 26 divide 551822386?
False
Is 888200220 a multiple of 76?
True
Is 2880917691 a multiple of 642?
False
Is 26 a factor of 7886684?
True
Does 37 divide 15155755?
True
Is 3287381123 a multiple of 733?
True
Is 138 a factor of 59843482?
False
Does 27 divide 35837263?
False
Is 728646724 a multiple of 6868?
True
Does 81 divide 15752475?
True
Is 126 a factor of 452953960?
False
Is 16 a factor of 137629872?
True
Is 1583745998 a multiple of 384?
False
Is 27325408 a multiple of 352?
True
Does 3923 divide 504368341?
True
Is 1295417484 a multiple of 172?
True
Is 9130389 a multiple of 9?
False
Is 11025750 a multiple of 61?
True
Is 1375 a factor of 528946000?
True
Is 13 a factor of 67705716?
True
Is 3380 a factor of 149234433?
False
Does 78 divide 87511093?
False
Does 31 divid